. What is the units digit of o - (6 + 0 + -3)?
8
Suppose -o + 0*o - 5 = 0. Let d = 10 + o. What is the units digit of d?
5
What is the tens digit of (2/(-8))/((20/4)/(-4460))?
2
Let z(o) be the first derivative of -o**3/3 - 5*o**2/2 + 13*o + 6. Let a be z(-7). What is the units digit of -125*(a + 6/10)?
0
Let r be (-4)/(8/(-3))*2/1. Suppose -44 - 70 = -r*p. What is the tens digit of p?
3
Suppose h - 204 = -2*f, 3*f = -h - f + 206. Let y = h + -107. What is the units digit of y?
5
Suppose 0*h - 72 = -3*h. Suppose d + d = h. Suppose d - 2 = 5*z. What is the units digit of z?
2
Suppose 10*i = -d + 6*i - 24, 0 = i + 5. Suppose 21 = 5*h - 3*j, 0*h + h + 6 = 4*j. What is the tens digit of h/d + 486/12?
3
Let z = 9 + -5. Let a = -6 + 8. Suppose -78 = -z*m - a. What is the units digit of m?
9
Suppose -20*r = -48496 - 59644. What is the thousands digit of r?
5
Let x(u) = 15*u**3 - 6*u**2 + 26*u - 68. What is the hundreds digit of x(5)?
7
Let h = -422 + 1420. What is the units digit of h?
8
Suppose 4*l = l + 3*j + 138, 3*j = -4*l + 163. Suppose 0 = 23*b - 22*b - l. What is the units digit of b?
3
What is the tens digit of ((-4)/(16/(-4686)))/((-39)/(-78))?
4
Suppose -12 = 4*j, 5*d + 1461 = 3*j - 0*j. Let q be d/12 - 3/2. What is the units digit of (-14)/(-21) - q/6?
5
Let y be 1*100*15/(-6). Let g = 357 + y. What is the units digit of g?
7
Let w(v) = 38*v**3 + 2*v - 1. Let n be w(1). Let i = 106 - n. What is the units digit of i?
7
Suppose -73*t + 31*t = -9534. What is the hundreds digit of t?
2
Let v be (-4)/(8/2 + -6). Suppose -v*u = -u - 151. What is the tens digit of u?
5
Let j = -100 - -238. Let b = -27 + j. What is the units digit of b?
1
Let l(j) = 3*j**2 + 7*j + 22. What is the units digit of l(14)?
8
Let m(u) = -2*u**2 - 33*u + 204. What is the tens digit of m(-21)?
1
Suppose 15 = z + j, 5*j - 14 = 5*z - 109. Let l = z + -15. Suppose l*q - 60 - 36 = -2*h, 3*h - 4*q - 165 = 0. What is the tens digit of h?
5
Let n be 0/(1 - 8/4). Suppose n = -6*k + k + 430. Let v = -22 + k. What is the units digit of v?
4
Suppose 2 = 4*j - 5*a - 3, 5*j - 3*a - 3 = 0. Suppose j = 3*n - 0*n + 33. What is the units digit of (-299)/n - 6/33?
7
Suppose 3*w = -4*j - 191, 2*j + 25 = 2*w - 53. Let u be -5*(18/6 - 2). Let i = u - j. What is the tens digit of i?
3
Let s = 15 + -8. Suppose s*p - 8 = 5*p. Let z = p - 0. What is the units digit of z?
4
Let o(j) = -j - 1. Let c(l) = l**2 + 48. Let d(q) = c(q) + o(q). What is the units digit of d(0)?
7
Suppose -q = v, -4*q = -3*v - 9 - 5. Let o(u) = -u - 10*u - 2 - q - 5*u. What is the units digit of o(-3)?
4
Let b be (73 + 14)*123/9. Suppose -5*k + c + b = 0, -5*k + 4*c = -8*k + 718. What is the hundreds digit of k?
2
Let b(t) = 134*t**2 + 17*t + 23. What is the tens digit of b(-6)?
4
Suppose -1174 = -o + 5*l, 2*o + l = 3*l + 2364. What is the thousands digit of o?
1
Suppose 0*q + 5*q - 25 = 0. Suppose q*l - 5*o + 30 = 0, 4*l + 0*o + 32 = -4*o. What is the units digit of (l + -1)/(2/(-3))?
2
Let p(m) = m - 2*m + 2 - m**2 - m + 0*m**2. Let z be p(-2). What is the tens digit of 17 - (z + 3/(-3))?
1
Suppose -135203 = -51*k - 28001. What is the units digit of k?
2
Suppose -4*k + 45 = k + 2*t, 3*t = k + 8. Let i = k - -6. What is the tens digit of i?
1
Suppose -7*p + 12*p = 955. What is the units digit of p?
1
Let y = 5 + 0. Suppose y*q + 4*d = d - 191, q - 3*d = -49. What is the units digit of 104/3*(-90)/q?
8
Suppose -h + 5786 = -7*x + 3*x, 17378 = 3*h - 2*x. What is the tens digit of h?
9
Suppose -5*p + 1109 = 2*y, 0 = -y + 4*y + 9. Suppose 2*q - 97 - p = 4*d, -4*d = 2*q - 360. Suppose -4*r = r - q. What is the tens digit of r?
3
Suppose -29*a + 14*a + 36390 = 0. What is the hundreds digit of a?
4
Suppose -3*s - 193 = -2*u, -2*s = u - 6*s - 104. Suppose 0 = 3*a - 12, -a + u = m + 3*a. What is the tens digit of m?
7
Let v be 2/(-2) + 0 + 98. Suppose 0 = 5*l - 0*l + 2*u - 217, 4*u - 90 = -2*l. Suppose -v = -4*g + l. What is the tens digit of g?
3
Let f(t) be the first derivative of -17*t**2 - 3*t + 7. What is the units digit of f(-2)?
5
Let w(p) = p**3 + 2 + 17*p**2 - 7 - 39*p - 6 - 2. What is the units digit of w(-19)?
6
Let y(r) = -13*r - 18. Suppose 55 = -8*n - 17. What is the tens digit of y(n)?
9
Let d(l) = -2*l**3 - l**2 - l + 1. Let w be d(-2). Suppose 4*g - w = -g. What is the tens digit of (23/3)/(1/g)?
2
Let b = 119 - 185. What is the units digit of (-1 - (-130)/14) + b/231?
8
What is the units digit of 337/(2/(-4) + 1)?
4
Let h = 56 - 61. Let f(r) = 2*r**2 - 3*r + 21. What is the units digit of f(h)?
6
Let y(m) = m**2 - m + 3. Let p be y(0). Let b = 11 - p. What is the tens digit of 258/21 + b/(-28)?
1
Suppose -340*f + 338*f = -2178. What is the tens digit of f?
8
Let x be (9/6)/(-3)*(-12 - 0). Let j = 55 - x. What is the tens digit of j?
4
Let y(p) = p**3 + 28*p**2 - 50*p - 207. What is the units digit of y(-29)?
2
Suppose w - 710 + 114 = 0. What is the hundreds digit of w?
5
Suppose -27*z + 5012 = -3358. What is the tens digit of z?
1
Let j(q) = -6*q**2 - 123*q + 6. What is the tens digit of j(-15)?
0
Let q(n) = -11*n**2 + n + 2. Let w be q(2). Let y(d) = 2*d**3 - 10*d**2 + 9*d - 13. Let j be y(4). Let l = j - w. What is the units digit of l?
1
Let q be 1 - (578/(-2) + 14 + -17). Suppose -5*f + 3*f = 5*k - 580, f - q = -k. What is the tens digit of f?
9
Suppose -4812 = 22*r - 31124. What is the thousands digit of r?
1
Let m(c) = -c**2 - 5*c + 6. Let v be ((-21)/14)/(1/4). Let y be m(v). Suppose -4*k - 19 = s, 2*s = 2*k - y*k + 12. What is the units digit of s?
1
Let p = -83 + 383. What is the hundreds digit of p?
3
Let k = 149 - 87. Let b = -2 + 4. Suppose b*x - 3*x = -4*f + 115, 4*x = -2*f + k. What is the units digit of f?
9
Suppose 2*b = -199 + 1223. Suppose -5*x = q - 900, 3*x + 0*q - b = 5*q. What is the tens digit of x?
7
Let s(p) = 2*p**2 + 7*p + 6. Let k be s(-5). Suppose -2*z = -3*z + 5*a + k, 0 = z - a - 25. What is the units digit of z?
6
Let v = -108 - -231. Suppose -4*b + 113 = -v. What is the units digit of b?
9
Suppose 3*z = -4*g - g - 143, 0 = -2*z - 2. Let n = g + 35. What is the units digit of n?
7
Suppose -5*n = 3*t - 11429 - 1648, -3*n = 5*t - 7859. What is the tens digit of n?
1
Suppose g + 3 - 1 = 0, -5*d = g - 823. Suppose 5*y - 55 = d. What is the tens digit of y?
4
Let f(h) = 21*h**2 - 8*h + 63. What is the tens digit of f(7)?
3
Let f(o) = 26*o - 2. Let i(l) be the third derivative of l**4/24 + 5*l**2. Let n be i(1). What is the units digit of f(n)?
4
Let q(l) = -5*l**3 - l + 2. Let i be q(2). Suppose -11 = 3*a + 61. Let d = a - i. What is the units digit of d?
6
What is the units digit of (-4)/6 + 2842/42?
7
Suppose -9*x - 9 = -12*x - 5*h, -h = 0. Let q(m) = -m**3 - 6*m**2 + 2*m. Let t be q(-6). What is the units digit of 4/x - 548/t?
7
Suppose -4*m - 4184 = -5*u + u, -m = 0. What is the thousands digit of u?
1
Let d(i) = -3*i**2 - 4*i + 6. Let w(y) = 4*y**2 + 5*y - 7. Let o(j) = -3*d(j) - 2*w(j). What is the units digit of o(-8)?
4
Suppose -21*n + 19*n = 260. Let x = n + 277. What is the tens digit of x?
4
Suppose -5*z = 4*a - 9*a - 50, -3*z = -a - 14. Suppose 6*s - 92 = 2*s. Let k = a + s. What is the units digit of k?
5
Let w be (620/(-30))/(2/(-6)). Let a = 105 - w. What is the tens digit of a?
4
Suppose -k + 1909 = 2*i, 4*k - 3 = 3*k. What is the hundreds digit of i?
9
Suppose -2*t - i = -6*t + 13, 0 = -t - 4*i - 18. Suppose 2*z = 0, -t*z = 5*n - 0*z - 320. What is the units digit of n?
4
Let i(w) = 6*w**3 - 8*w**2 + 16*w + 10. Let g(z) = -7*z**3 + 7*z**2 - 17*z - 11. Let b(v) = -5*g(v) - 6*i(v). What is the hundreds digit of b(11)?
1
Let w(p) = 3*p - 12. Let n be w(8). Suppose -5*j + j = -n. What is the units digit of j?
3
Suppose 613 = -6*k + 211. Let b = k + 298. What is the units digit of b?
1
Let j(m) = m + 1. Let t be j(3). Suppose -a = s + t*a - 39, -3*a = -9. Suppose -3*w + s + 6 = 0. What is the tens digit of w?
1
Let m(z) = -19*z. Let g = 29 + -24. Suppose -g = f - t, 3*f + 5*t + 10 - 27 = 0. What is the units digit of m(f)?
9
Let y(t) = -t. Let j(k) = k**2 - 5*k - 21. Let x(c) = -j(c) - 6*y(c). Let b be x(13). Let s(h) = h**2 - 1. What is the tens digit of s(b)?
2
Let d be -2 + (132/(-15))/(2/(-5)). What is the hundreds digit of (70/d)/(1/((-34)/(-1)))?
1
Let w(s) = -3*s*